{"id":769,"date":"2025-02-14T12:04:18","date_gmt":"2025-02-14T12:04:18","guid":{"rendered":"https:\/\/cv.inf.elte.hu\/?page_id=769"},"modified":"2026-04-29T10:58:04","modified_gmt":"2026-04-29T10:58:04","slug":"haromdimenzios-szamitogepes-latas","status":"publish","type":"page","link":"https:\/\/cv.inf.elte.hu\/index.php\/education\/haromdimenzios-szamitogepes-latas\/","title":{"rendered":"H\u00e1romdimenzi\u00f3s sz\u00e1m\u00edt\u00f3g\u00e9pes l\u00e1t\u00e1s"},"content":{"rendered":"\n<p><strong>El\u0151ad\u00e1s<\/strong>: Szerd\u00e1nk\u00e9nt  17:45-19:15, D\u00e9li T\u00f6mb, S\u00e1rk\u00e1ny S\u00e1ndor terem (4.206)<\/p>\n\n\n\n<p><strong>Gyakorlat:<\/strong> Szerd\u00e1nk\u00e9nt, 19:30-21:00, D\u00e9li t\u00f6mb, Mesters\u00e9ges intelligencia labor (2.520)<\/p>\n\n\n\n<p><\/p>\n\n\n\n<p>Kutat\u00f3csoport vide\u00f3i: <a href=\"https:\/\/www.youtube.com\/@geometriccomputervisiongro6255\">GCVG Youtube channel<\/a><\/p>\n\n\n\n<h2 class=\"wp-block-heading\">A kv\u00edzek szab\u00e1lyai<\/h2>\n\n\n\n<p>A f\u00e9l\u00e9v sor\u00e1n 10 kv\u00edz van. Ezeket a laborat\u00f3riumi foglalkoz\u00e1sok elej\u00e9n kell kit\u00f6lteni, online r\u00e9szv\u00e9tel nem megengedett.<\/p>\n\n\n\n<p>Minden kv\u00edz 5 k\u00e9rd\u00e9sb\u0151l \u00e1ll.<\/p>\n\n\n\n<p>+1 pontot kap: ha n\u00e9gy vagy \u00f6t v\u00e1lasz helyes.<br>0 pontot kap, ha h\u00e1rom helyes v\u00e1lasz van<br>-1 pontot kap, ha kevesebb, mint h\u00e1rom helyes v\u00e1lasz van<br>A v\u00e9g\u00e9n \u00f6sszes\u00edtj\u00fck a pontokat. \u00d6sszesen +5 pontot kell el\u00e9rni , hogy teljes\u00edtettek legyenek a kv\u00edzek. Elm\u00e9letileg a maxim\u00e1lis pontsz\u00e1m +10 pont. A pontok nem sz\u00e1m\u00edtanak bele a v\u00e9gs\u0151 oszt\u00e1lyzatba, a kv\u00edzek a minim\u00e1lis k\u00f6vetelm\u00e9nyek ellen\u0151rz\u00e9s\u00e9re szolg\u00e1lnak.<\/p>\n\n\n\n<p>Ha kihagy\/bukik valaki egy kv\u00edzt, a vizsgaid\u0151szak elej\u00e9n teljes kv\u00edzk\u00e9szleten p\u00f3tolhat: 25 k\u00e9rd\u00e9s van, legal\u00e1bb 17 pontot kell szerezni a tant\u00e1rgyb\u00f3l val\u00f3 megfelel\u00e9shez.<\/p>\n\n\n\n<p><\/p>\n\n\n\n<p><strong>Menetrend<\/strong><\/p>\n\n\n\n<hr class=\"wp-block-separator has-alpha-channel-opacity\"\/>\n\n\n\n<figure class=\"wp-block-table\"><table class=\"has-fixed-layout\"><tbody><tr><td>H\u00e9t<\/td><td><strong>El\u0151ad\u00e1s<\/strong><\/td><td><strong>Gyakorlat\/labor<\/strong><\/td><\/tr><tr><td>1. \u2013 Regisztr\u00e1ci\u00f3s h\u00e9t<\/td><td><\/td><td><\/td><\/tr><tr><td>2.<\/td><td><a href=\"https:\/\/cv.inf.elte.hu\/wp-content\/uploads\/2025\/02\/3DVision__lecture00_2025spring.pdf\"><\/a><a href=\"https:\/\/cv.inf.elte.hu\/wp-content\/uploads\/2026\/02\/3DLatas__lecture00_2026spring.pdf\">Els\u0151 el\u0151ad\u00e1s<\/a><\/td><td>Szenzorok \u00e9s j\u00e1rm\u0171vek bemutat\u00e1sa<br>(<a href=\"https:\/\/ikelte-my.sharepoint.com\/:f:\/g\/personal\/hajder_inf_elte_hu\/EnLPMRb8QZdPt9kcI97Oq6cBUKhPHen2u0x7bMEt6gOzkA?e=mo0WJz\">videos of 2023<\/a> &#8211; angolul)<\/td><\/tr><tr><td>3.<\/td><td>Becsl\u00e9selm\u00e9let: <a href=\"https:\/\/cv.inf.elte.hu\/wp-content\/uploads\/2025\/03\/matrixmuveletek.pdf\">Gradiensek.<\/a> <a href=\"https:\/\/cv.inf.elte.hu\/wp-content\/uploads\/2025\/03\/lin_eq_null_opt.pdf\">Line\u00e1ris inhomog\u00e9n egyenletredszerek<\/a>. <a href=\"https:\/\/cv.inf.elte.hu\/wp-content\/uploads\/2024\/09\/CircleEllipseFitting.pdf\">K\u00f6r illeszt\u00e9se (angolul).<\/a><\/td><td><a href=\"https:\/\/cv.inf.elte.hu\/wp-content\/uploads\/2025\/03\/AffineTransformations.zip\"><\/a><a href=\"https:\/\/colab.research.google.com\/drive\/1V-NyBroUbYEEiDjSE3S5nShvFdAVvKsp?usp=sharing\">Affin\/perspekt\u00edv transzform\u00e1ci\u00f3k<\/a><\/td><\/tr><tr><td>4.<\/td><td><a href=\"https:\/\/cv.inf.elte.hu\/wp-content\/uploads\/2024\/09\/RANSAC_Tekla.pdf\">RANSAC algoritmus (angolul)<\/a><\/td><td><a href=\"https:\/\/colab.research.google.com\/drive\/1kJws3EEQVdrLhI240z74b5TEDN9zols2?usp=sharing\">RANSAC (starting project)<\/a>, <a href=\"https:\/\/colab.research.google.com\/drive\/17VzZmYs7tC69eBY1dtXS4RUKfaVgjPDS\">RANSAC (finished)<\/a><\/td><\/tr><tr><td>5.<\/td><td><a href=\"https:\/\/cv.inf.elte.hu\/wp-content\/uploads\/2025\/03\/lagrange.pdf\">Lagrange-multiplik\u00e1toros optimaliz\u00e1l\u00e1s.<\/a>&nbsp;<a href=\"https:\/\/cv.inf.elte.hu\/wp-content\/uploads\/2025\/03\/lin_eq_null_opt.pdf\">Homog\u00e9n line\u00e1ris t\u00falhat. egyenletrendszerek.<\/a> <a href=\"https:\/\/cv.inf.elte.hu\/wp-content\/uploads\/2025\/03\/lagrange.pdf\">Pont-egyenes t\u00e1vols\u00e1g.<\/a><a href=\"https:\/\/cv.inf.elte.hu\/wp-content\/uploads\/2025\/03\/svd-1.pdf\">Szingul\u00e1ris \u00e9rt\u00e9k szerinti felbont\u00e1s.<\/a> <a href=\"https:\/\/cv.inf.elte.hu\/wp-content\/uploads\/2024\/09\/Lagrange-1.pdf\">Optim\u00e1lis egyenes\/s\u00edkilleszt\u00e9s (angolul)<\/a><\/td><td><a href=\"https:\/\/colab.research.google.com\/drive\/1NsVrF7CUG16Knmuhj9MXh27c7QKjr6wM?usp=sharing\">Multi-RANSAC (starting project)<\/a>, <a href=\"https:\/\/colab.research.google.com\/drive\/1UFvwmpRw2tbv2eTiNCWS2-Op0bloyKDf?usp=sharing\">Multi-RANSAC (finished) <\/a><\/td><\/tr><tr><td>6.<\/td><td><a href=\"https:\/\/cv.inf.elte.hu\/wp-content\/uploads\/2025\/03\/svd-1.pdf\">Szingul\u00e1ris \u00e9rt\u00e9k szerinti felbont\u00e1s.<\/a> <a href=\"https:\/\/cv.inf.elte.hu\/wp-content\/uploads\/2025\/03\/lec01_camera.pdf\">Kameramodellek, vet\u00edt\u00e9sek<\/a>.<\/td><td><a href=\"https:\/\/colab.research.google.com\/drive\/1NPle59tB8tM4mMHCQa14IxiI1IHN24aT?usp=sharing\">Perspekt\u00edv kamera (starting project)<\/a>, <a href=\"https:\/\/colab.research.google.com\/drive\/1W2PsBSvbloXiDIblzPyy8tDgqLU2nRks?usp=sharing\">Perspekt\u00edv kamera (finished)<\/a><\/td><\/tr><tr><td>7.<\/td><td><a href=\"https:\/\/cv.inf.elte.hu\/wp-content\/uploads\/2025\/03\/lec01_camera.pdf\">S\u00edkhomogr\u00e1fia, panor\u00e1mak\u00e9p, homogr\u00e1fia becsl\u00e9se<\/a><\/td><td><a href=\"https:\/\/colab.research.google.com\/drive\/120ex1A1DZe-7ojMVYWrnb7L8GydOGQ_t?usp=sharing\">Homogr\u00e1fia (starting project)<\/a>, <a href=\"https:\/\/colab.research.google.com\/drive\/1HPWT_FYnIwAkRdNumHwwpr5BR253Ug7j?usp=sharing\">Homogr\u00e1fia (finished project)<\/a><\/td><\/tr><tr><td>8.<\/td><td><a href=\"https:\/\/cv.inf.elte.hu\/wp-content\/uploads\/2025\/03\/lec01_camera.pdf\">Kamera kalibr\u00e1ci\u00f3<\/a>. <a href=\"https:\/\/cv.inf.elte.hu\/wp-content\/uploads\/2025\/03\/qr.pdf\">QR-dekompoz\u00edci\u00f3.<\/a><\/td><td>Konzult\u00e1ci\u00f3<\/td><\/tr><tr><td>9.<\/td><td>tavaszi sz\u00fcnet<\/td><td>tavaszi sz\u00fcnet<\/td><\/tr><tr><td>10.<\/td><td><a href=\"https:\/\/cv.inf.elte.hu\/wp-content\/uploads\/2025\/03\/lec01_camera.pdf\">Radi\u00e1lis\/tangenci\u00e1lis torz\u00edt\u00e1s<\/a>. <a href=\"https:\/\/cv.inf.elte.hu\/wp-content\/uploads\/2025\/04\/lec02_stereo.pdf\">Bevezet\u00e9s a sztere\u00f3 l\u00e1t\u00e1sba.<\/a><\/td><td><a href=\"https:\/\/colab.research.google.com\/drive\/1yKiX1al5CBMi0tb3WVhI2h17KOPssCDH?usp=sharing\">Kamera kalibr\u00e1i\u00f3 (OpenCV)<\/a>, <a href=\"https:\/\/colab.research.google.com\/drive\/1OeW0P8OnjiRlng7xbdm84oqub84fN6x3?usp=sharing\">Kamera kalibr\u00e1ci\u00f3 (t\u00e9rgybeli t\u00e1rgy, starting project)<\/a>, <a href=\"https:\/\/colab.research.google.com\/drive\/1d9D04mdk0iLkI9o8CtFtD1rLt_PDek2i?usp=sharing\">Kamera kalibr\u00e1ci\u00f3 (t\u00e9rbeli t\u00e1rgy, finished project)<\/a><\/td><\/tr><tr><td>11.<\/td><td><a href=\"https:\/\/cv.inf.elte.hu\/wp-content\/uploads\/2025\/04\/lec02_stereo.pdf\">Sztere\u00f3 l\u00e1t\u00e1s (folyt)<\/a><\/td><td><a href=\"https:\/\/colab.research.google.com\/drive\/1i52_uCQjziA4ys8j8C30mrRllYpbNb_5?usp=sharing\">Standard sztereo (starting project)<\/a>, <a href=\"https:\/\/colab.research.google.com\/drive\/1Dq2TFDRxzrPzHq5xXGd09fF3e3RAwdw9?usp=sharing\">Standard sztereo (finished)<\/a><\/td><\/tr><tr><td>12.<\/td><td><a href=\"https:\/\/cv.inf.elte.hu\/wp-content\/uploads\/2025\/04\/lec02_stereo.pdf\">Sztere\u00f3 l\u00e1t\u00e1s (esszenci\u00e1lis m\u00e1trix felbont\u00e1sa)<\/a> <a href=\"https:\/\/cv.inf.elte.hu\/wp-content\/uploads\/2025\/04\/lec05_multicamera.pdf\">T\u00f6bbk\u00e9pes rekonstrukci\u00f3<\/a> Pontfelh\u0151k regisztr\u00e1ci\u00f3ja (<a href=\"https:\/\/cv.inf.elte.hu\/wp-content\/uploads\/2024\/11\/pointreg-1.pdf\">angol le\u00edr\u00e1s<\/a>)<\/td><td><a href=\"https:\/\/colab.research.google.com\/drive\/1Qlv_MOi1JN8PNzp5C1K0M923cw-jxIc9?usp=sharing\">Sztereo triangul\u00e1ci\u00f3 (starting project)<\/a><\/td><\/tr><tr><td>13.<\/td><td><a href=\"https:\/\/cv.inf.elte.hu\/wp-content\/uploads\/2025\/04\/lec02_stereo.pdf\"> Sztereo l\u00e1t\u00e1s: s\u00edkmozg\u00e1s.<\/a> <a href=\"https:\/\/cv.inf.elte.hu\/wp-content\/uploads\/2025\/04\/numerikus_opt.pdf\">Numerikus optimaliz\u00e1l\u00e1s.<\/a><\/td><td><a href=\"https:\/\/colab.research.google.com\/drive\/1OHyaG7J8_IHkJBMf1vCwhWOVfoGHi0_s?usp=sharing\">Pontregisztr\u00e1ci\u00f3 (starting project)<\/a>, <a href=\"https:\/\/colab.research.google.com\/drive\/1wliP3yON9zPnnf4SJy2-OKt7GnSnxGwH?usp=sharing\">Pontregisztr\u00e1ci\u00f3 (finished)<\/a>, <a href=\"https:\/\/cv.inf.elte.hu\/wp-content\/uploads\/2026\/04\/stanford_bunny.zip\">Stanford Bunny<\/a><sup>1<\/sup><\/td><\/tr><tr><td>14.<\/td><td><\/td><td><\/td><\/tr><\/tbody><\/table><\/figure>\n\n\n\n<p><sub><sup>1<\/sup> <\/sub><a href=\"https:\/\/graphics.stanford.edu\/data\/3Dscanrep\/\">https:\/\/graphics.stanford.edu\/data\/3Dscanrep\/<\/a><\/p>\n\n\n\n<h2 class=\"wp-block-heading\"><strong>El\u0151z\u0151 f\u00e9l\u00e9vek<\/strong><\/h2>\n\n\n\n<h4 class=\"wp-block-heading\"><strong>Sz\u00f3beli vizsg\u00e1k<\/strong><\/h4>\n\n\n\n<p><\/p>\n\n\n\n<ul class=\"wp-block-list\">\n<li>k\u00e9s\u0151bb<\/li>\n<\/ul>\n\n\n\n<p><\/p>\n\n\n\n<p><strong>Feladat bemutat\u00e1sa:<\/strong><\/p>\n\n\n\n<p><\/p>\n\n\n\n<ul class=\"wp-block-list\">\n<li>k\u00e9s\u0151bb<\/li>\n<\/ul>\n\n\n\n<p><strong>Menetrend<\/strong><\/p>\n\n\n\n<figure class=\"wp-block-table\"><table class=\"has-fixed-layout\"><tbody><tr><td>H\u00e9t<\/td><td><strong>El\u0151ad\u00e1s<\/strong><\/td><td><strong>Gyakorlat\/labor<\/strong><\/td><\/tr><tr><td>1. \u2013 Regisztr\u00e1ci\u00f3s<\/td><td><\/td><td><\/td><\/tr><tr><td>2.<\/td><td><a href=\"https:\/\/cv.inf.elte.hu\/wp-content\/uploads\/2025\/02\/3DVision__lecture00_2025spring.pdf\">Bevezet\u00e9s<\/a><\/td><td><a href=\"https:\/\/cv.inf.elte.hu\/wp-content\/uploads\/2024\/09\/IntroductionGUI.zip\">OpenCV Intro<\/a><\/td><\/tr><tr><td>3.<\/td><td>Becsl\u00e9selm\u00e9let: <a href=\"https:\/\/cv.inf.elte.hu\/wp-content\/uploads\/2025\/03\/matrixmuveletek.pdf\">Gradiensek.<\/a> <a href=\"https:\/\/cv.inf.elte.hu\/wp-content\/uploads\/2025\/03\/lin_eq_null_opt.pdf\">Line\u00e1ris inhomog\u00e9n egyenletredszerek<\/a><\/td><td>Szenzorok \u00e9s j\u00e1rm\u0171vek bemutat\u00e1sa<br>(<a href=\"https:\/\/ikelte-my.sharepoint.com\/:f:\/g\/personal\/hajder_inf_elte_hu\/EnLPMRb8QZdPt9kcI97Oq6cBUKhPHen2u0x7bMEt6gOzkA?e=mo0WJz\"> videos of 2023<\/a> &#8211; in English)<\/td><\/tr><tr><td>4.<\/td><td><a href=\"https:\/\/cv.inf.elte.hu\/wp-content\/uploads\/2024\/09\/CircleEllipseFitting.pdf\">K\u00f6rilleszt\u00e9s (angolul).<\/a> <a href=\"https:\/\/cv.inf.elte.hu\/wp-content\/uploads\/2025\/03\/lagrange.pdf\">Lagrange-multiplik\u00e1toros optimaliz\u00e1l\u00e1s.<\/a> <a href=\"https:\/\/cv.inf.elte.hu\/wp-content\/uploads\/2025\/03\/lin_eq_null_opt.pdf\">Homog\u00e9n line\u00e1ris t\u00falhat. egyenletrendszerek.<\/a><\/td><td><a href=\"https:\/\/cv.inf.elte.hu\/wp-content\/uploads\/2025\/03\/AffineTransformations.zip\">Affine Transformations<\/a><\/td><\/tr><tr><td>5.<\/td><td><a href=\"https:\/\/cv.inf.elte.hu\/wp-content\/uploads\/2025\/03\/lagrange.pdf\">Pont-egyenes t\u00e1vols\u00e1g.<\/a> <a href=\"https:\/\/cv.inf.elte.hu\/wp-content\/uploads\/2024\/09\/RANSAC_Tekla.pdf\">RANSAC algoritmus (angolul)<\/a> <a href=\"https:\/\/cv.inf.elte.hu\/wp-content\/uploads\/2025\/03\/svd-1.pdf\">Szingul\u00e1ris \u00e9rt\u00e9k szerinti felbont\u00e1s.<\/a> <\/td><td><a href=\"https:\/\/cv.inf.elte.hu\/wp-content\/uploads\/2025\/03\/RANSAC_complete.zip\">RANSAC &#8211; egyenes illeszt\u00e9s (complete)<\/a><\/td><\/tr><tr><td>6.<\/td><td><a href=\"https:\/\/cv.inf.elte.hu\/wp-content\/uploads\/2025\/03\/lec01_camera.pdf\">Kameramodellek<\/a><\/td><td><a href=\"https:\/\/cv.inf.elte.hu\/wp-content\/uploads\/2025\/03\/RANSAC_Multi.zip\">Multi-modell illeszt\u00e9s<\/a> (Multi-RANSAC, SeqRANSAC)<\/td><\/tr><tr><td>7.<\/td><td><a href=\"https:\/\/cv.inf.elte.hu\/wp-content\/uploads\/2025\/03\/lec01_camera.pdf\">S\u00edkhomogr\u00e1fia, panor\u00e1mak\u00e9p, homogr\u00e1fia becsl\u00e9se<\/a><\/td><td><a href=\"https:\/\/cv.inf.elte.hu\/wp-content\/uploads\/2025\/03\/PointVisualization_complete.zip\">Pontfelh\u0151 vizualiz\u00e1ci\u00f3 (complete)<\/a><br><a href=\"https:\/\/cv.inf.elte.hu\/wp-content\/uploads\/2025\/03\/pontvizualizacio_segedlet.pdf\">Seg\u00e9dlet<\/a><\/td><\/tr><tr><td>8.<\/td><td><a href=\"https:\/\/cv.inf.elte.hu\/wp-content\/uploads\/2025\/03\/lec01_camera.pdf\">Kamera kalibr\u00e1ci\u00f3<\/a>. <a href=\"https:\/\/cv.inf.elte.hu\/wp-content\/uploads\/2025\/03\/qr.pdf\">QR-dekompoz\u00edci\u00f3.<\/a><\/td><td><a href=\"https:\/\/cv.inf.elte.hu\/wp-content\/uploads\/2025\/04\/Homography.zip\">Homogr\u00e1fia (panor\u00e1ma)<\/a><\/td><\/tr><tr><td>9.<\/td><td><a href=\"https:\/\/cv.inf.elte.hu\/wp-content\/uploads\/2025\/04\/lec02_stereo.pdf\">Sztere\u00f3 l\u00e1t\u00e1s<\/a><\/td><td><a href=\"https:\/\/cv.inf.elte.hu\/wp-content\/uploads\/2025\/04\/CameraCalibration.zip\">Kamera kalibr\u00e1ci\u00f3 (t\u00e9rbeli t\u00e1rgy, sakkt\u00e1bla)<\/a><\/td><\/tr><tr><td>10.<\/td><td><a href=\"https:\/\/cv.inf.elte.hu\/wp-content\/uploads\/2025\/04\/lec02_stereo.pdf\">Sztere\u00f3 l\u00e1t\u00e1s (folyt.)<\/a><\/td><td>konzult\u00e1ci\u00f3s alkalom<\/td><\/tr><tr><td>11.<\/td><td><a href=\"https:\/\/cv.inf.elte.hu\/wp-content\/uploads\/2025\/04\/lec02_stereo.pdf\">Sztere\u00f3 l\u00e1t\u00e1s (folyt.) Planar motion<\/a><\/td><td>tavaszi sz\u00fcnet<\/td><\/tr><tr><td>12.<\/td><td>tavaszi sz\u00fcnet<\/td><td><a href=\"https:\/\/cv.inf.elte.hu\/wp-content\/uploads\/2025\/04\/StereoTriangulation_start.zip\">Sztere\u00f3 l\u00e1t\u00e1s (start)<\/a>, <a href=\"https:\/\/cv.inf.elte.hu\/wp-content\/uploads\/2025\/04\/stereo_vision-2.pptx\">Seg\u00e9dlet<\/a>,<br><a href=\"https:\/\/cv.inf.elte.hu\/wp-content\/uploads\/2025\/04\/Stereo_complete.zip\">Sztere\u00f3 l\u00e1t\u00e1s (befejezett)<\/a><\/td><\/tr><tr><td>13.<\/td><td><a href=\"https:\/\/cv.inf.elte.hu\/wp-content\/uploads\/2025\/04\/lec05_multicamera.pdf\">T\u00f6bbk\u00e9pes rekonstrukci\u00f3<\/a>. <a href=\"https:\/\/cv.inf.elte.hu\/wp-content\/uploads\/2025\/04\/numerikus_opt.pdf\">Numerikus optimaliz\u00e1l\u00e1s<\/a><\/td><td><a href=\"https:\/\/cv.inf.elte.hu\/wp-content\/uploads\/2025\/04\/PointRegistration.zip\">Pontregisztr\u00e1ci\u00f3<\/a><\/td><\/tr><tr><td>14.<\/td><td><a href=\"https:\/\/cv.inf.elte.hu\/wp-content\/uploads\/2025\/05\/lec06_hardverek.pdf\">Speci\u00e1lis 3D letapogat\u00f3 hardverek<\/a><\/td><td><\/td><\/tr><tr><td>15.<\/td><td><a href=\"https:\/\/cv.inf.elte.hu\/wp-content\/uploads\/2025\/04\/lec05_multicamera.pdf\">Tomasi-Kanade faktoriz\u00e1ci\u00f3<\/a><\/td><td>Tomasi-Kanadefaktoriz\u00e1ci\u00f3: <a href=\"https:\/\/cv.inf.elte.hu\/wp-content\/uploads\/2024\/11\/TomasiKanade_win.zip\">Win<\/a>, <a href=\"https:\/\/cv.inf.elte.hu\/wp-content\/uploads\/2024\/11\/TomasiKanade_linux.zip\">Linux<\/a><\/td><\/tr><\/tbody><\/table><\/figure>\n\n\n\n<p><\/p>\n\n\n\n<h2 class=\"wp-block-heading\">Vizsgak\u00e9rd\u00e9sek<\/h2>\n\n\n\n<ol class=\"wp-block-list\">\n<li>Becsl\u00e9selm\u00e9let alapjai: nevezetes gradiensek; homog\u00e9n \u00e9s inhomog\u00e9n t\u00falhat\u00e1rozott line\u00e1ris egyenletrendszerek megold\u00e1sa. Szingul\u00e1ris \u00e9rt\u00e9kek szerinti felbont\u00e1s (SVD).<\/li>\n\n\n\n<li>S\u00edkok \u00e9s egyenesek illeszt\u00e9se pontfelh\u0151re. Optim\u00e1lis illeszt\u00e9s.<\/li>\n\n\n\n<li>Robusztus illeszt\u00e9s: RANSAC algoritmus. Multi-model illeszt\u00e9s<\/li>\n\n\n\n<li>Kameramodellek: perspekt\u00edv kamera, gyeng\u00e9n perspekt\u00edv kamera, mer\u0151leges vet\u00edt\u00e9s.<\/li>\n\n\n\n<li>Perspekt\u00edv kamera kalibr\u00e1ci\u00f3ja ismert t\u00e9rbeli alakzat eset\u00e9n. Projekci\u00f3s m\u00e1trix becsl\u00e9se \u00e9s felbont\u00e1sa<\/li>\n\n\n\n<li>Perspekt\u00edv kamera kalibr\u00e1ci\u00f3ja sakkt\u00e1bla seg\u00edts\u00e9g\u00e9vel.<\/li>\n\n\n\n<li>Homogr\u00e1fia. Panor\u00e1mak\u00e9p k\u00e9sz\u00edt\u00e9se homogr\u00e1fia seg\u00edts\u00e9g\u00e9vel.<\/li>\n\n\n\n<li>Homogr\u00e1fia becsl\u00e9se.<\/li>\n\n\n\n<li>Esszenci\u00e1lis \u00e9s fundament\u00e1lis m\u00e1trix fogalma, levezet\u00e9se. Rektifik\u00e1ci\u00f3.<\/li>\n\n\n\n<li>Fundament\u00e1lis \u00e9s esszenci\u00e1lis m\u00e1trix becsl\u00e9se. Esszenci\u00e1lis m\u00e1trix felbont\u00e1sa<\/li>\n\n\n\n<li>M\u00e9lys\u00e9gbecsl\u00e9s (triangul\u00e1ci\u00f3) kalibr\u00e1lt sztere\u00f3 k\u00e9pp\u00e1rok eset\u00e9ben.<\/li>\n\n\n\n<li>Rekonstrukci\u00f3 mer\u0151leges vet\u00edt\u00e9s \u00e9s gyenge perspekt\u00edv kamera felt\u00e9telez\u00e9s\u00e9vel (Tomasi-Kanade faktoriz\u00e1ci\u00f3).<\/li>\n\n\n\n<li>Rekonstrukci\u00f3 3D-s ponthalmazok \u00f6sszef\u00fbz\u00e9s\u00e9vel. \u00c1tfed\u0151 ponthalmazok optim\u00e1lis regisztr\u00e1ci\u00f3ja.<\/li>\n\n\n\n<li>Rekonstrukci\u00f3 pontos\u00edt\u00e1sa k\u00f6tegbehangol\u00e1ssal (bundle adjustment).<\/li>\n\n\n\n<li>Rekonstrukci\u00f3 hardveres t\u00e1mogat\u00e1ssal:&nbsp;szkennel\u00e9s struktur\u00e1lt f\u00e9ny vagy l\u00e9zer seg\u00edts\u00e9g\u00e9vel.<\/li>\n<\/ol>\n","protected":false},"excerpt":{"rendered":"<p>El\u0151ad\u00e1s: Szerd\u00e1nk\u00e9nt 17:45-19:15, D\u00e9li T\u00f6mb, S\u00e1rk\u00e1ny S\u00e1ndor terem (4.206) Gyakorlat: Szerd\u00e1nk\u00e9nt, 19:30-21:00, D\u00e9li t\u00f6mb, Mesters\u00e9ges intelligencia labor (2.520) Kutat\u00f3csoport vide\u00f3i: GCVG Youtube channel A kv\u00edzek szab\u00e1lyai A f\u00e9l\u00e9v sor\u00e1n 10 kv\u00edz van. Ezeket a laborat\u00f3riumi foglalkoz\u00e1sok elej\u00e9n kell kit\u00f6lteni, online r\u00e9szv\u00e9tel nem megengedett. Minden kv\u00edz 5 k\u00e9rd\u00e9sb\u0151l \u00e1ll. +1 pontot kap: ha n\u00e9gy vagy \u00f6t [&hellip;]<\/p>\n","protected":false},"author":4,"featured_media":0,"parent":422,"menu_order":0,"comment_status":"closed","ping_status":"closed","template":"","meta":{"footnotes":""},"folder":[],"class_list":["post-769","page","type-page","status-publish","hentry"],"_links":{"self":[{"href":"https:\/\/cv.inf.elte.hu\/index.php\/wp-json\/wp\/v2\/pages\/769","targetHints":{"allow":["GET"]}}],"collection":[{"href":"https:\/\/cv.inf.elte.hu\/index.php\/wp-json\/wp\/v2\/pages"}],"about":[{"href":"https:\/\/cv.inf.elte.hu\/index.php\/wp-json\/wp\/v2\/types\/page"}],"author":[{"embeddable":true,"href":"https:\/\/cv.inf.elte.hu\/index.php\/wp-json\/wp\/v2\/users\/4"}],"replies":[{"embeddable":true,"href":"https:\/\/cv.inf.elte.hu\/index.php\/wp-json\/wp\/v2\/comments?post=769"}],"version-history":[{"count":86,"href":"https:\/\/cv.inf.elte.hu\/index.php\/wp-json\/wp\/v2\/pages\/769\/revisions"}],"predecessor-version":[{"id":1424,"href":"https:\/\/cv.inf.elte.hu\/index.php\/wp-json\/wp\/v2\/pages\/769\/revisions\/1424"}],"up":[{"embeddable":true,"href":"https:\/\/cv.inf.elte.hu\/index.php\/wp-json\/wp\/v2\/pages\/422"}],"wp:attachment":[{"href":"https:\/\/cv.inf.elte.hu\/index.php\/wp-json\/wp\/v2\/media?parent=769"}],"wp:term":[{"taxonomy":"folder","embeddable":true,"href":"https:\/\/cv.inf.elte.hu\/index.php\/wp-json\/wp\/v2\/folder?post=769"}],"curies":[{"name":"wp","href":"https:\/\/api.w.org\/{rel}","templated":true}]}}